What is 71000 (base 14) in base 7?
2211000
What is 42524200 (base 6) in base 2?
100110010100000101000
Convert 6a8801 (base 11) to base 8.
4223755
-5128 (base 9) to base 12
-2208
Convert 10000101011111101000 (base 2) to base 10.
546792
Convert 692268 (base 11) to base 14.
209389
What is -24136252 (base 7) in base 15?
-2c535a
204041 (base 9) to base 7
1012630
What is 9309592 (base 10) in base 16?
8e0d98
14a89bb (base 12) to base 5
2034011220
Convert 145d03 (base 16) to base 7.
14225522
Convert -221020021212 (base 3) to base 13.
-1450a9
What is 1611371 (base 8) in base 9?
775851
-221010110120 (base 3) to base 14
-cc369
100111110011010001001 (base 2) to base 16
13e689
Convert 3470411 (base 8) to base 16.
e7109
1abb93 (base 12) to base 15
96480
Convert -3114827 (base 10) to base 11.
-1838241
Convert -153644 (base 7) to base 6.
-351355
What is 2b9839 (base 14) in base 6?
52402015
-4112132203 (base 5) to base 4
-133232231223
499970 (base 10) to base 11
3116a9
Convert -2507207 (base 8) to base 16.
-a8e87
-3746202 (base 8) to base 7
-11541433
What is -2120 (base 12) in base 5?
-103444
Convert -1432305 (base 11) to base 10.
-2462718
323cc0 (base 15) to base 2
1001001000000100111100
Convert 74949 (base 11) to base 12.
53075
Convert 11334223 (base 6) to base 14.
933dd
Convert 1571884 (base 11) to base 13.
72b802
What is -5314 (base 14) in base 10?
-14326
Convert 19de0 (base 15) to base 5.
10143020
dc483b (base 15) to base 3
201202012001202
Convert 12102200112 (base 3) to base 6.
2143022
What is 1a66021 (base 13) in base 15?
b74eae
Convert -33261131 (base 7) to base 8.
-12751312
-118998 (base 13) to base 3
-210021212100
-5c833 (base 15) to base 7
-2340303
44243 (base 10) to base 7
242663
Convert -100100110111010011111100 (base 2) to base 6.
-543043312
-52140514 (base 7) to base 14
-820144
Convert -4546043 (base 7) to base 12.
-233898
What is -45a32 (base 12) in base 10?
-93062
17402114 (base 8) to base 2
1111100000010001001100
What is -54706367 (base 8) in base 9?
-24124288
-4994b (base 15) to base 12
-b3b8b
Convert b6b66 (base 12) to base 6.
5051410
Convert -4947361 (base 11) to base 3.
-121012010111012
Convert -10102221202 (base 3) to base 7.
-401363
217814 (base 14) to base 9
2118653
Convert -460498 (base 10) to base 3.
-212101200111
What is 7877a42 (base 11) in base 10?
13802395
-30363522 (base 7) to base 2
-1001101011010100101010
-3347775 (base 8) to base 10
-905213
What is -263b0 (base 13) in base 6?
-1304254
Convert 3103135 (base 7) to base 16.
5a8aa
-10020120112 (base 3) to base 2
-1111100101100010
What is -110220220211121 (base 3) in base 8?
-32145516
What is 21121101020211 (base 3) in base 9?
7541224
1a7f97 (base 16) to base 2
110100111111110010111
-dc575 (base 14) to base 10
-533419
Convert 17823 (base 13) to base 4.
23010021
What is 20354452 (base 8) in base 16?
41d92a
What is -5b417 (base 13) in base 4?
-220323310
Convert 54440763 (base 8) to base 2.
101100100100000111110011
-1413a1 (base 11) to base 13
-79a24
What is -10100111110010101010 (base 2) in base 4?
-2213302222
What is -2350251 (base 6) in base 10?
-123223
-10100011010110001010011 (base 2) to base 14
-9d48b9
What is -1643751 (base 8) in base 7?
-4025066
24b055 (base 14) to base 12
508b03
Convert 11982 (base 15) to base 13.
1c730
Convert aadb (base 14) to base 10.
29593
Convert -102202010010122 (base 3) to base 14.
-b869c8
-243301444 (base 5) to base 11
-716221
Convert -1020111020221111 (base 3) to base 9.
-36436844
What is 1322012121 (base 4) in base 9?
842030
What is -1010000011100110011 (base 2) in base 9?
-552016
Convert 2209490 (base 10) to base 13.
5c48ba
-29ed37 (base 15) to base 14
-3a9b86
-1011011101011000 (base 2) to base 9
-71341
Convert c6993 (base 14) to base 6.
14135113
-2514575 (base 10) to base 12
-a1323b
What is 5763665 (base 8) in base 15?
20e2d0
What is 2434637 (base 10) in base 11?
14131a7
Convert 28d80d (base 14) to base 11.
890048
What is 1313130130 (base 4) in base 5?
111123434
What is -10336620 (base 7) in base 3?
-1122212222110
Convert -1352400 (base 7) to base 3.
-100012020010
Convert -117250 (base 11) to base 4.
-231033122
924f (base 16) to base 13
14082
-21b5044 (base 12) to base 3
-110011002010221
Convert -150205450 (base 6) to base 9.
-5738043
What is 220014562 (base 7) in base 15?
125561a
-341430 (base 6) to base 8
-70332
11db824 (base 16) to base 2
1000111011011100000100100
Convert 1281376 (base 9) to base 6.
23022540
124440132 (base 6) to base 11
1432097
108471 (base 13) to base 4
1133020011
Convert -1030210 (base 4) to base 5.
-124100
32bb916 (base 12) to base 15
cba409
What is 13b4b9 (base 16) in base 5?
312311244
What is 453a4 (base 13) in base 6?
2410422
-1210001122 (base 3) to base 5
-2110121
Convert -232164 (base 9) to base 10.
-139378
2baf8 (base 16) to base 4
223223320
Convert 1000300203 (base 4) to base 16.
40c23
What is 44155121 (base 6) in base 13?
373804
Convert 23a068 (base 11) to base 15.
7763e
What is -1122010223 (base 4) in base 8?
-1320453
-11672722 (base 8) to base 11
-1506a4a
What is 1880b (base 15) in base 11?
54755
Convert -641100 (base 9) to base 11.
-240570
-3222342222 (base 5) to base 2
-11010000101111111111000
Convert 111211121 (base 3) to base 5.
310322
What is 293088 (base 11) in base 5?
104123320
-161744 (base 10) to base 9
-265775
What is -8608232 (base 9) in base 10?
-4611845
Convert 3342001 (base 6) to base 5.
20401123
What is 11101100111111000001 (base 2) in base 8?
3547701
Convert 2004557 (base 8) to base 14.
d9d39
-346026 (base 8) to base 14
-30cd0
What is 1311131132 (base 4) in base 11?
2a9520
What is -6484701 (base 10) in base 8?
-30571335
Convert -6afe8b (base 16) to base 7.
-113413042
Convert b2c714 (base 13) to base 3.
21211210200001
Convert 43c4e (base 15) to base 14.
586d9
What is -17038a2 (base 11) in base 7?
-33453306
What is 1184a9a (base 13) in base 2?
10100101111011100001011
Convert 1b5b323 (base 12) to base 8.
26232413
What is -331042342 (base 5) in base 8?
-5336522
Convert -232aa8 (base 11) to base 4.
-1122111133
Convert -4825b (base 15) to base 13.
-80921
What is -152aa90 (base 12) in base 11?
-2470524
177311 (base 11) to base 3
111212210122
Convert 165104015 (base 7) to base 6.
1042244355
What is 64426 (base 9) in base 16?
a686
-899463 (base 11) to base 10
-1432709
What is 12301040 (base 5) in base 13?
4216a
Convert 6736046 (base 9) to base 8.
15652150
204531325 (base 6) to base 2
1101101100001101100101
Convert -10000010001011100110 (base 2) to base 6.
-15232342
What is 315243 (base 8) in base 16?
19aa3
What is 22c32 (base 13) in base 8?
174141
Convert 10001221211 (base 3) to base 5.
3413400
Convert -14124265 (base 7) to base 9.
-2426847
41303430 (base 6) to base 16
122a8a
Convert 130240260 (base 7) to base 16.
7e5304
What is 234142243 (base 5) in base 7?
12133364
331c34 (base 13) to base 11
752501
What is 372698 (base 13) in base 4?
11002012223
Convert -45013 (base 10) to base 9.
-67664
What is 52117 (base 14) in base 12?
96561
-458e3 (base 16) to base 5
-33104044
-844287 (base 9) to base 11
-313006
What is e6444 (base 15) in base 14?
150044
Convert -12200140 (base 5) to base 12.
-56b32
What is -4597c2 (base 14) in base 16?
-24284e
Convert 199073 (base 10) to base 6.
4133345
What is -202102022 (base 3) in base 16?
-3a25
-17144 (base 9) to base 12
-69a1
-2c8a42 (base 13) to base 8
-4155376
What is 7a686d (base 14) in base 10?
4167057
Convert -357763 (base 8) to base 13.
-43c04
414bb2 (base 12) to base 4
3322022312
-58139 (base 15) to base 6
-10002100
Convert -66101245 (base 7) to base 3.
-101122210010211
5714 (base 12) to base 8
22700
22032443 (base 6) to base 12
278723
-1000100110101100101001001 (base 2) to base 8
-104654511
-1304501425 (base 6) to base 14
-2075397
What is 2210220112200 (base 3) in base 13?
4040c1
-102323103 (base 4) to base 11
-53276
Convert -12091835 (base 10) to base 9.
-24668782
Convert 84ed2 (base 15) to base 7.
3404606
-231303442 (base 5) to base 14
-1d15bc
What is -220034031 (base 5) in base 8?
-3453563
What is -125b4 (base 13) in base 9?
-51508
Convert 3213012113 (base 5) to base 8.
31637705
What is -221c35 (base 13) in base 2?
-11000100010010001001
Convert -6133ad (base 15) to base 16.
-46766e
-13b604 (base 13) to base 4
-1311231301
-20102012 (base 6) to base 15
-b34c8
Co